*2 - 10*j - 1. Let r be f(-8). Calculate the highest common divisor of r and 46.
23
Suppose -12 = -5*p - 3*o + 48, -5*p = 5*o - 70. Calculate the highest common factor of 48 and p.
3
Let t be (-4)/5*(-5280)/22. What is the highest common factor of t and 24?
24
Suppose -2*f = -2*u - 142, -4*f - f + 3*u + 363 = 0. Suppose d - 21 = -b, 6*b - 3*b - d - f = 0. What is the greatest common factor of b and 12?
12
Suppose -2*r + 4 = -3*m, 5*r + 12 - 35 = m. Let f be 93/m - (-4)/8. Let p = f - 17. Calculate the greatest common factor of 6 and p.
6
Suppose -5*c - 2*j = -0*j - 410, -2*c + 150 = -2*j. Suppose -a - 4*l + 15 = -21, -5*a + 5*l = -c. What is the greatest common divisor of a and 15?
5
Let m = 45 - -5. What is the greatest common factor of m and 2?
2
Let t be -1 + (18 - 40/4). Calculate the highest common factor of t and 301.
7
Suppose -15*o - 41 = -251. What is the greatest common divisor of 7 and o?
7
Suppose s - 40 = -4*s - 3*u, 3*s = -2*u + 25. What is the highest common factor of 160 and s?
5
Suppose 78 = 4*j - 138. Suppose 0 = -5*i + 2*f + 598 - 201, -4*f = -2*i + 146. What is the greatest common factor of i and j?
27
Suppose 3*u + 3*y - 37 = 77, -4*y - 184 = -4*u. Suppose -195 = -2*f + 3*v, 5*f + 5*v = 239 + 311. Calculate the greatest common divisor of f and u.
21
Let x = -24 - -124. Let v be 2*(-3 - (-16)/2). What is the highest common divisor of x and v?
10
Suppose -120 = -28*c + 132. Calculate the greatest common factor of 450 and c.
9
Let a = -1561 - -2292. Calculate the highest common factor of a and 43.
43
Let y be (-5976)/81 + (-4)/18. Let x = -49 - y. Suppose -3*t + 10 = 5*g - 0, 0 = 5*t + x. Calculate the greatest common factor of g and 40.
5
Let d be (-18)/(-8)*6944/168. Calculate the highest common factor of d and 217.
31
Suppose 5*r = 3*r - 3*y + 2584, r - 5*y - 1292 = 0. What is the greatest common divisor of 136 and r?
68
Let r = 10 - 8. Let v(q) = 8*q - 7. Let m be v(r). What is the greatest common divisor of 9 and m?
9
Suppose -2*t + 6*t - 92 = 0. Suppose b + 2*x - 18 = 3*b, -3*b - x = t. Let o be (310/15)/(b/(-12)). Calculate the greatest common factor of o and 341.
31
Let g(s) = 51*s + 517. Let c be g(-7). Calculate the greatest common divisor of 128 and c.
32
Let r = 49 - 48. Let q be 43 - (r/(-2))/((-15)/(-30)). What is the greatest common divisor of 110 and q?
22
Let u(i) = 10*i**2 - 5*i + 17. Let t be u(7). What is the greatest common divisor of 8 and t?
8
Suppose -5*j - 122 = -2*a, 36 + 68 = 2*a + 4*j. Calculate the greatest common divisor of 14 and a.
14
Let f be -1 + (1*22)/2. Suppose -126*m = 32*m - 12640. What is the highest common divisor of f and m?
10
Let w(v) = -2*v**2 + 26*v - 34. Let z be w(11). Calculate the greatest common divisor of z and 10.
10
Let q(c) = 2*c**2 - 8*c + 36. Let m be q(6). Let x = -56 + m. Let g be (10/(-1))/((-1)/2). Calculate the highest common divisor of g and x.
4
Suppose 2*v - 4*v = 40. Let h be (-392)/v + 3*6/45. Calculate the highest common factor of 20 and h.
20
Let a(f) = -2*f - 19. Suppose 16 = -4*l - 0, 4*l = -4*b + 60. Let h = b - 29. Let q be a(h). What is the highest common divisor of 9 and q?
1
Let k be (42/8)/(12/64). Let l be -2 + (-1 - (1 - 6)). Let n be l/7 - 3796/(-91). Calculate the highest common factor of n and k.
14
Let x = -79 + 113. Let j = x - 14. Suppose 4*y = 2*y + j. Calculate the greatest common factor of y and 110.
10
Suppose 8*m = 9*m. Suppose z + 2*z - 9 = m. What is the highest common factor of 9 and z?
3
Suppose -26*s = 7*s - 2442. What is the highest common divisor of s and 185?
37
Let s = -62 - -88. Let t be (341 - 44) + (-1 - 10). What is the highest common factor of s and t?
26
Suppose -7*i = -i. Suppose 3*l - 66 - 21 = -3*r, i = 2*r - 5*l - 37. What is the highest common factor of r and 130?
26
Suppose 24 = 86*k - 83*k. Suppose a = 4*w - k + 72, -3*a - 5*w + 260 = 0. Calculate the highest common divisor of 16 and a.
16
Let r = 66 + -38. Suppose u = -2*u + 588. What is the greatest common divisor of u and r?
28
Suppose -5*u + 125 = m, m + 5*u - 6*u = 95. What is the greatest common factor of 20 and m?
20
Let m(r) = 11*r + 1. Let b be m(1). Let t(k) = 9*k**2 + 4*k**2 + 1 + k - b*k**2. Let c be t(-4). Calculate the greatest common divisor of c and 52.
13
Let m be (-31)/(-3 - (31/(-8) - -1)). Suppose 96*b + m = 100*b. What is the highest common divisor of 93 and b?
31
Let o = 164 + -150. What is the highest common divisor of o and 238?
14
Suppose -3*r + 134 = -4*p, r - 184*p + 181*p = 43. What is the greatest common divisor of r and 23?
23
Let v(u) be the third derivative of u**4/12 - u**3/6 + 4*u**2. Let w be v(2). Let p be w + 24 + 3 + -2. What is the greatest common divisor of p and 4?
4
Suppose -f = 2*k - 9, -2*f - 3*f - 3*k + 17 = 0. Let s be -2*1/1*f. Let d be ((-19)/s)/(5/10). What is the greatest common divisor of d and 95?
19
Suppose 3*k + 19 = 4*f, 3*f = 2*k + 24 - 9. Calculate the greatest common divisor of 889 and f.
7
Let j be 38*(-885)/(-50) + (-3)/5. Suppose -3*k - 3*f + 672 = 0, 0 = -2*k + 5*k + 5*f - j. What is the highest common divisor of k and 32?
32
Suppose -5*v + 19*v - 56 = 0. Calculate the greatest common factor of v and 92.
4
Let u be (-783)/(-5) + 18/(-30). Suppose 7*m - 4*j = 2*m + u, 5*m + 5*j = 120. Calculate the highest common divisor of m and 56.
28
Let w = 485 + -429. What is the highest common factor of 896 and w?
56
Let i be (-2 - -9) + 3/(-3). Suppose i = 6*w - 3*w. Suppose 116 = 2*a - w*u, -a - 2*u + 0*u + 46 = 0. Calculate the greatest common factor of a and 36.
18
Let p be 1*(-8)/((-35)/30 - -1). Calculate the highest common divisor of 312 and p.
24
Let n be (54/21)/(12/280). What is the highest common factor of n and 492?
12
Suppose -4*i + 106 = -2*a, 4*a = -9*i + 7*i + 48. Suppose 3*p - 4*p + 143 = 0. What is the highest common divisor of i and p?
13
Let d(j) = j**2 + 10*j - 20. Suppose 7*i = 4 - 88. Let x be d(i). Calculate the highest common factor of 3 and x.
1
Let d(o) = -o**2 - 6*o + 14. Let n be d(-7). Let k = 15 - n. Calculate the greatest common divisor of 104 and k.
8
Let t = 62 - 57. Suppose 3*o = t*o - 90. What is the highest common factor of 5 and o?
5
Let b = 688 - 369. Suppose -5*x - 5*u - b = -3*u, 5*x + 323 = -4*u. Let g = -25 - x. What is the highest common factor of g and 19?
19
Suppose -4*n = -3*x + 7 + 733, x + 2*n = 260. What is the greatest common divisor of x and 14?
14
Suppose 0 = -w - 4*y + 12, -4*w + 117 = -3*y - 26. What is the greatest common factor of w and 304?
16
Suppose -3*x = 3*n + x - 14, -2 = -x. What is the highest common factor of n and 40?
2
Let n = 21 - 6. Suppose 2*t + 151 = 41. Let m = -52 - t. What is the highest common divisor of m and n?
3
Let p(w) = 2 - w - 6*w + 5*w - 12*w. Let j be p(-2). What is the highest common factor of j and 6?
6
Let b = 1787 - 1736. Calculate the highest common divisor of 697 and b.
17
Let q(g) = g**2 + 27*g + 79. Let z be q(-3). What is the greatest common factor of 7 and z?
7
Let k be (18/27 - 1/(-3))*2. Suppose 0 = k*p - 14 - 46. Calculate the greatest common divisor of 40 and p.
10
Suppose 0 = x - 7*x + 30. Suppose p = 29 - x. Suppose -3*t + 32 = t. Calculate the greatest common factor of t and p.
8
Suppose 0 + 1 = 2*t - m, t + 1 = m. Suppose 4*s + 46 = 2*f, -t = f + 2*s + s. What is the highest common factor of f and 26?
13
Suppose -2299 = -14*h - 115. Calculate the greatest common factor of 104 and h.
52
Suppose 4*n = 91 + 17. Suppose -2*s - 3*y = 171, y = -4*y + 5. Let c = -60 - s. What is the greatest common divisor of n and c?
27
Let l = 1710 + -1695. What is the greatest common factor of l and 445?
5
Suppose -16 - 8 = -2*j. Let a(m) = 2*m - 7. Let c be a(5). Suppose -c*p + 186 = -210. Calculate the highest common divisor of p and j.
12
Suppose 8*l = 36 - 4. Suppose -4 = -4*f, -2*j + 4*j - l*f - 88 = 0. Calculate the greatest common divisor of 115 and j.
23
Suppose -4*m = 3*q - 1736, 0*q = -3*q. Calculate the highest common factor of m and 42.
14
Let h be 5 - 140*-1 - (-6 + 3). What is the greatest common divisor of h and 8?
4
Let q be ((-78)/10)/(33/(-165)). Calculate the greatest common factor of q and 1677.
39
Let u = 23 - 4. Suppose -o - o = -60. Suppose 3*f = o + 540. What is the greatest common factor of f and u?
19
Let 